s 203124143 - 4?
203124134
In base 11, what is -113 + 2206?
20a3
In base 10, what is 158 - 48?
110
In base 9, what is -5 - -13817?
13812
In base 5, what is 1010014 - -34?
1010103
In base 2, what is 10111010110 - -100111100111?
111110111101
In base 3, what is 10 - -22221020012?
22221020022
In base 16, what is -4c - -4b2c?
4ae0
In base 5, what is 3 - -301341?
301344
In base 14, what is 2 - -364d?
3651
In base 4, what is -11 - 320103?
-320120
In base 15, what is 5a - 389?
-32e
In base 7, what is -310 + -41?
-351
In base 6, what is -313033 + -11?
-313044
In base 16, what is -12 + 6782?
6770
In base 9, what is 0 + -7735?
-7735
In base 10, what is -1415 - 52?
-1467
In base 9, what is 51 - 2545?
-2484
In base 13, what is 7a - -39c6?
3a73
In base 7, what is -3 + 333231?
333225
In base 6, what is -25322 - 14?
-25340
In base 9, what is 507 - 12?
485
In base 9, what is -154755 + -4?
-154760
In base 14, what is 0 + -6b1?
-6b1
In base 6, what is -10 - 112515?
-112525
In base 3, what is 202 + -11002?
-10100
In base 5, what is 1000301322 + -4?
1000301313
In base 14, what is 16d - -2b?
19a
In base 12, what is -3 + 206a6?
206a3
In base 16, what is 4abd93 - 3?
4abd90
In base 3, what is 11010 + 10101121?
10112201
In base 6, what is -2 - -204525?
204523
In base 9, what is 3 + 2188?
2202
In base 13, what is 140 + -29?
114
In base 14, what is -4b + 10b4?
1067
In base 3, what is 12 + -2001001220?
-2001001201
In base 6, what is -102 + -153034?
-153140
In base 8, what is 10471 + 27?
10520
In base 7, what is 22363435 - -4?
22363442
In base 7, what is 1322401 - -14?
1322415
In base 5, what is -210 + -2312411?
-2313121
In base 9, what is 81541 - -4?
81545
In base 10, what is 41 - -125?
166
In base 10, what is 623 + 51?
674
In base 8, what is -70 + 7742?
7652
In base 12, what is a198a - 5?
a1985
In base 14, what is -8c + -5b6?
-664
In base 5, what is -140 - 102232?
-102422
In base 15, what is -27 - 11468?
-11490
In base 16, what is 1234a - 14?
12336
In base 7, what is -50 - 1005?
-1055
In base 8, what is -5331777 - 2?
-5332001
In base 12, what is 61 - 358?
-2b7
In base 11, what is 3a7014 + -5?
3a700a
In base 5, what is -2323 + 4010?
1132
In base 15, what is 3a36e7 - 3?
3a36e4
In base 3, what is -12020012 - 100022?
-12120111
In base 2, what is -111101000000101 + -11?
-111101000001000
In base 2, what is -11000 + 101101101100?
101101010100
In base 13, what is -304 - 260?
-564
In base 9, what is 57270 + -6?
57263
In base 14, what is -80 + -68?
-108
In base 2, what is -10010 - 1100110001101101011?
-1100110001101111101
In base 16, what is -f - -ed4?
ec5
In base 8, what is 200473 - 1?
200472
In base 3, what is -120 - 21121100?
-21121220
In base 15, what is 6 - -1a1c?
1a23
In base 16, what is 160a53 + 5?
160a58
In base 11, what is -4 + -530a4?
-530a8
In base 5, what is -14240 - 104221?
-124011
In base 7, what is 11435 - -434?
12202
In base 6, what is 410 - 410401?
-405551
In base 7, what is -1003451 + 24?
-1003424
In base 14, what is 10b125 + 3?
10b128
In base 14, what is -556 - -5?
-551
In base 3, what is -10001100 + -22?
-10001122
In base 5, what is -240 + 31031?
30241
In base 6, what is 1322 + -22244?
-20522
In base 13, what is a + -27963?
-27956
In base 12, what is 26b29a - 4?
26b296
In base 2, what is -101110000001101 - 110?
-101110000010011
In base 12, what is 98843 - -2?
98845
In base 10, what is -5 - 5955?
-5960
In base 9, what is 18 - 11171?
-11152
In base 3, what is 220 - -121201?
122121
In base 14, what is -d056 + -14?
-d06a
In base 8, what is -3 + 322662?
322657
In base 7, what is -113 - -1642?
1526
In base 4, what is 131002 - -1120?
132122
In base 12, what is -9 + 159a9?
159a0
In base 8, what is -1424 - 1721?
-3345
In base 2, what is 1011111 + -110011110100100?
-110011101000101
In base 5, what is -414112 - 3?
-414120
In base 12, what is 23 - -a47?
a6a
In base 9, what is 58 + -23372?
-23313
In base 16, what is 0 - 13340?
-13340
In base 5, what is -331041 - 12?
-331103
In base 4, what is -20122 - -112010?
31222
In base 6, what is 11455 + -31?
11424
In base 4, what is 1111031 + -21?
1111010
In base 15, what is -635 + -21?
-656
In base 13, what is 2367 - -6b?
2405
In base 14, what is -100b4 + -d?
-100c3
In base 11, what is 122 + -3922?
-3800
In base 8, what is -2 - 2671?
-2673
In base 12, what is -638 - 79?
-6b5
In base 16, what is -1 - -5177e?
5177d
In base 8, what is 573233 + 35?
573270
In base 12, what is -595241 - -1?
-595240
In base 12, what is -5 + -7832?
-7837
In base 3, what is -1110210002 + -11?
-1110210020
In base 9, what is 685433 - -2?
685435
In base 16, what is 1 - 3dbf?
-3dbe
In base 4, what is 2 + -1122100300?
-1122100232
In base 7, what is 353 - -2501?
3154
In base 2, what is 1001111111010111 - 101?
1001111111010010
In base 13, what is -4 - 77a45?
-77a49
In base 10, what is -164 - 2112?
-2276
In base 10, what is -6742 - 5?
-6747
In base 12, what is -209 + -358?
-565
In base 11, what is 4 + -2588?
-2584
In base 7, what is -146 - -51242?
51063
In base 2, what is -110010101110100000 + -101?
-110010101110100101
In base 8, what is -100231 - -5?
-100224
In base 13, what is 0 - -253?
253
In base 9, what is 0 - -14377?
14377
In base 6, what is -13404 + 2?
-13402
In base 10, what is 33 + 9059?
9092
In base 7, what is 0 - 42332?
-42332
In base 2, what is 101 + -10101111101101?
-10101111101000
In base 12, what is 2a8 - 1b?
289
In base 15, what is -73b - 1e?
-75a
In base 6, what is 113 - -12?
125
In base 7, what is 1 - 12525?
-12524
In base 16, what is -1e - -1cc0?
1ca2
In base 12, what is 86 - 85?
1
In base 10, what is 178 - 9549?
-9371
In base 12, what is 9a72 - 338?
9736
In base 7, what is 1151522 + 2?
1151524
In base 13, what is b235 - -c6?
b32b
In base 12, what is 2710 + -12?
26ba
In base 8, what is 62 - 2664?
-2602
In base 5, what is -133 + -23313?
-24001
In base 12, what is -5 + -81214?
-81219
In base 11, what is 48 + 1a89?
2026
In base 4, what is 11320 + 10211?
22131
In base 5, what is -1223 - -11132?
4404
In base 11, what is -738 + -952?
-158a
In base 13, what is -6727c - -4?
-67278
In base 4, what is 30032330 - -2?
30032332
In base 16, what is 14 + -321?
-30d
In base 7, what is 12 + -20234?
-20222
In base 16, what is -162 - -1be?
5c
In base 11, what is 68028 + -41?
67a97
In base 4, what is -13021220 + 103?
-13021111
In base 4, what is -31030 - -32321?
1231
In base 7, what is -13 + 4055?
4042
In base 11, what is 0 - 2023?
-2023
In base 14, what is 317 - -23?
33a
In base 9, what is -4 + -118836?
-118841
In base 5, what is 434441 + 114?
440110
In base 4, what is 3030 - -30102?
33132
In base 6, what is 1014 - -1550?
3004
In base 15, what is 4 + 12781?
12785
In base 14, what is 23 - a2a?
-a07
In base 2, what is -110000111011 - -1010011?
-101111101000
In base 5, what is 13014 + 2?
13021
In base 7, what is -32205 - -4?
-32201
In base 9, what is 2 - 150756?
-150754
In base 4, what is 100312022 - 12?
100312010
In base 15, what is 1370 + -7?
1368
In base 5, what is -2 + 134001?
133444
In base 6, what is 30 + -425055?
-425025
In base 8, what is 1171 + 636?
2027
In base 2, what is -1 - 11110010011?
-11110010100
In base 14, what is 307 - 2b0?
37
In base 8, what is -4502400 - -5?
-4502373
In base 12, what is 105 + 1719?
1822
In base 2, what is -11 - -11101001100111?
11101001100100
In base 3, what is -101 + 10021221101?
10021221000
In base 10, what is 163 + 1350?
1513
In base 2, what is -101110111000010 - 100?
-101110111000110
In base 9, what is 1 - 10372?
-10371
In base 3, what is -12 + -200001112?
-200001201
In base 2, what is -1101100 - 1001101111100?
-1001111101000
In base 16, what is -736 - -2c4?
-472
In base 2, what is 101 - 11000101000001?
-11000100111100
In base 7, what is -1660 + 5105?
3115
In base 10, what is 61173 - -5?
61178
In base 13, what is -21 + -16791?
-167b2
In base 11, what is -8 + 35455?
35448
In base 13, what is -488b + -187?
-4a45
In base 9, what is 5 - 52173?
-52167
In base 12, what is -23182 + 4?
-2317a
In base 16, what is 12ade9 - -6?
12adef
In base 14, what is 1071 + -5d?
1012
In base 14, what is 1b - -13a3?
13c0
In base 9, what is -15838 - -38?
-15800
In base 14, what is -251dd - c?
-2520b
In base 4, what is 131 + -10113032?
-10112301
In base 5, what is -13202 + 120?
-13032
In base 16, what is -3d - 1fa9?
-1fe6
In base 6, what is -1 - 1212